{"id":4623,"date":"2025-05-16T09:55:39","date_gmt":"2025-05-16T09:55:39","guid":{"rendered":"https:\/\/www.alumni.space\/faq-alumni-mentorat\/quais-sao-os-riscos-para-uma-organizacao-de-nao-transmitir-conhecimentos-fundamentais\/"},"modified":"2025-05-16T09:55:39","modified_gmt":"2025-05-16T09:55:39","slug":"quais-sao-os-riscos-para-uma-organizacao-de-nao-transmitir-conhecimentos-fundamentais","status":"publish","type":"avada_faq","link":"https:\/\/www.alumni.space\/pt-pt\/faq-alumni-mentorat\/quais-sao-os-riscos-para-uma-organizacao-de-nao-transmitir-conhecimentos-fundamentais\/","title":{"rendered":"Quais s\u00e3o os riscos para uma organiza\u00e7\u00e3o de n\u00e3o transmitir conhecimentos fundamentais?"},"content":{"rendered":"<p>A incapacidade de organizar a transfer\u00eancia de conhecimentos essenciais numa organiza\u00e7\u00e3o pode ter consequ\u00eancias graves, que s\u00e3o frequentemente subestimadas. Estes riscos afectam a continuidade operacional, a qualidade do servi\u00e7o, a inova\u00e7\u00e3o e a capacidade de formar a pr\u00f3xima gera\u00e7\u00e3o. <\/p>\n<p>O primeiro perigo \u00e9 a perda de compet\u00eancias. Quando um trabalhador especializado abandona o seu posto (reforma, mobilidade, demiss\u00e3o), leva consigo uma grande quantidade de conhecimentos t\u00e1citos: truques do of\u00edcio, l\u00f3gica das decis\u00f5es passadas, redes internas, boas pr\u00e1ticas n\u00e3o documentadas, etc. Esta perda \u00e9 dif\u00edcil de recuperar se n\u00e3o tiver sido criado um processo de transmiss\u00e3o a montante. <\/p>\n<p>Em segundo lugar, a organiza\u00e7\u00e3o pode sofrer uma quebra de desempenho: erros repetidos, prazos mais longos, perda de qualidade, insatisfa\u00e7\u00e3o dos clientes, etc. As equipas restantes s\u00e3o por vezes deixadas \u00e0 sua sorte, o que provoca stress, cargas de trabalho excessivas e at\u00e9 tens\u00f5es internas.<\/p>\n<p>A falta de transmiss\u00e3o pode tamb\u00e9m atrasar o desenvolvimento das compet\u00eancias dos novos recrutas. Sem tutoria, benchmarking e partilha de experi\u00eancias, os jovens talentos podem sentir-se perdidos, o que \u00e9 prejudicial para a sua integra\u00e7\u00e3o e reten\u00e7\u00e3o. <\/p>\n<p>A n\u00edvel estrat\u00e9gico, isto atrasa a inova\u00e7\u00e3o e a evolu\u00e7\u00e3o das pr\u00e1ticas. A organiza\u00e7\u00e3o perde a sua mem\u00f3ria colectiva, o que afecta a sua capacidade de aprender com a experi\u00eancia, de antecipar a mudan\u00e7a e de se renovar. <\/p>\n<p>Por \u00faltimo, pode prejudicar a imagem da empresa, tanto a n\u00edvel interno como externo. N\u00e3o valorizar a transfer\u00eancia de conhecimentos d\u00e1 a impress\u00e3o de um modelo de curto prazo pouco humano e estruturado. <\/p>\n<p>Por todas estas raz\u00f5es, a cria\u00e7\u00e3o de sistemas de transmiss\u00e3o (tutoria, documenta\u00e7\u00e3o, emparelhamentos, forma\u00e7\u00e3o cruzada) n\u00e3o \u00e9 apenas uma mais-valia&#8230; mas uma necessidade.<\/p>\n","protected":false},"excerpt":{"rendered":"<p>A incapacidade de organizar a transfer\u00eancia de conhecimentos essenciais numa organiza\u00e7\u00e3o pode ter consequ\u00eancias graves, que s\u00e3o frequentemente subestimadas. Estes riscos afectam a continuidade operacional, a qualidade do servi\u00e7o, a inova\u00e7\u00e3o e a capacidade de formar a pr\u00f3xima gera\u00e7\u00e3o. <\/p>\n","protected":false},"author":1,"featured_media":0,"menu_order":0,"comment_status":"closed","ping_status":"closed","template":"","format":"standard","meta":{"footnotes":""},"faq_category":[98,100,103,102,104],"class_list":["post-4623","avada_faq","type-avada_faq","status-publish","format-standard","hentry","faq_category-antigos-alunos","faq_category-gestao-de-competencias","faq_category-recursos-humanos","faq_category-relacao-com-os-antigos-alunos","faq_category-transmissao-de-conhecimentos"],"yoast_head":"<!-- This site is optimized with the Yoast SEO plugin v27.4 - https:\/\/yoast.com\/product\/yoast-seo-wordpress\/ -->\n<title>Quais s\u00e3o os riscos para uma organiza\u00e7\u00e3o de n\u00e3o transmitir conhecimentos fundamentais? - Alumni.space<\/title>\n<meta name=\"description\" content=\"A incapacidade de organizar a transfer\u00eancia de conhecimentos-chave dentro de uma organiza\u00e7\u00e3o pode ter consequ\u00eancias graves, que s\u00e3o frequentemente subestimadas. Estes riscos afectam a continuidade operacional, a qualidade do servi\u00e7o, a inova\u00e7\u00e3o e a capacidade de formar a pr\u00f3xima gera\u00e7\u00e3o.\" \/>\n<meta name=\"robots\" content=\"index, follow, max-snippet:-1, max-image-preview:large, max-video-preview:-1\" \/>\n<link rel=\"canonical\" href=\"https:\/\/www.alumni.space\/pt-pt\/faq-alumni-mentorat\/quais-sao-os-riscos-para-uma-organizacao-de-nao-transmitir-conhecimentos-fundamentais\/\" \/>\n<meta property=\"og:locale\" content=\"pt_PT\" \/>\n<meta property=\"og:type\" content=\"article\" \/>\n<meta property=\"og:title\" content=\"Quais s\u00e3o os riscos para uma organiza\u00e7\u00e3o de n\u00e3o transmitir conhecimentos fundamentais? - Alumni.space\" \/>\n<meta property=\"og:description\" content=\"A incapacidade de organizar a transfer\u00eancia de conhecimentos-chave dentro de uma organiza\u00e7\u00e3o pode ter consequ\u00eancias graves, que s\u00e3o frequentemente subestimadas. Estes riscos afectam a continuidade operacional, a qualidade do servi\u00e7o, a inova\u00e7\u00e3o e a capacidade de formar a pr\u00f3xima gera\u00e7\u00e3o.\" \/>\n<meta property=\"og:url\" content=\"https:\/\/www.alumni.space\/pt-pt\/faq-alumni-mentorat\/quais-sao-os-riscos-para-uma-organizacao-de-nao-transmitir-conhecimentos-fundamentais\/\" \/>\n<meta property=\"og:site_name\" content=\"Alumni.space\" \/>\n<meta name=\"twitter:card\" content=\"summary_large_image\" \/>\n<meta name=\"twitter:label1\" content=\"Tempo estimado de leitura\" \/>\n\t<meta name=\"twitter:data1\" content=\"2 minutos\" \/>\n<script type=\"application\/ld+json\" class=\"yoast-schema-graph\">{\"@context\":\"https:\\\/\\\/schema.org\",\"@graph\":[{\"@type\":\"WebPage\",\"@id\":\"https:\\\/\\\/www.alumni.space\\\/pt-pt\\\/faq-alumni-mentorat\\\/quais-sao-os-riscos-para-uma-organizacao-de-nao-transmitir-conhecimentos-fundamentais\\\/\",\"url\":\"https:\\\/\\\/www.alumni.space\\\/pt-pt\\\/faq-alumni-mentorat\\\/quais-sao-os-riscos-para-uma-organizacao-de-nao-transmitir-conhecimentos-fundamentais\\\/\",\"name\":\"Quais s\u00e3o os riscos para uma organiza\u00e7\u00e3o de n\u00e3o transmitir conhecimentos fundamentais? - Alumni.space\",\"isPartOf\":{\"@id\":\"https:\\\/\\\/www.alumni.space\\\/pt-pt\\\/#website\"},\"datePublished\":\"2025-05-16T09:55:39+00:00\",\"description\":\"A incapacidade de organizar a transfer\u00eancia de conhecimentos-chave dentro de uma organiza\u00e7\u00e3o pode ter consequ\u00eancias graves, que s\u00e3o frequentemente subestimadas. Estes riscos afectam a continuidade operacional, a qualidade do servi\u00e7o, a inova\u00e7\u00e3o e a capacidade de formar a pr\u00f3xima gera\u00e7\u00e3o.\",\"breadcrumb\":{\"@id\":\"https:\\\/\\\/www.alumni.space\\\/pt-pt\\\/faq-alumni-mentorat\\\/quais-sao-os-riscos-para-uma-organizacao-de-nao-transmitir-conhecimentos-fundamentais\\\/#breadcrumb\"},\"inLanguage\":\"pt-PT\",\"potentialAction\":[{\"@type\":\"ReadAction\",\"target\":[\"https:\\\/\\\/www.alumni.space\\\/pt-pt\\\/faq-alumni-mentorat\\\/quais-sao-os-riscos-para-uma-organizacao-de-nao-transmitir-conhecimentos-fundamentais\\\/\"]}]},{\"@type\":\"BreadcrumbList\",\"@id\":\"https:\\\/\\\/www.alumni.space\\\/pt-pt\\\/faq-alumni-mentorat\\\/quais-sao-os-riscos-para-uma-organizacao-de-nao-transmitir-conhecimentos-fundamentais\\\/#breadcrumb\",\"itemListElement\":[{\"@type\":\"ListItem\",\"position\":1,\"name\":\"Home\",\"item\":\"https:\\\/\\\/www.alumni.space\\\/pt-pt\\\/plataforma-de-gestao-de-mentores-e-antigos-alunos\\\/\"},{\"@type\":\"ListItem\",\"position\":2,\"name\":\"FAQs\",\"item\":\"https:\\\/\\\/www.alumni.space\\\/pt-pt\\\/faq-alumni-mentorat\\\/\"},{\"@type\":\"ListItem\",\"position\":3,\"name\":\"Quais s\u00e3o os riscos para uma organiza\u00e7\u00e3o de n\u00e3o transmitir conhecimentos fundamentais?\"}]},{\"@type\":\"WebSite\",\"@id\":\"https:\\\/\\\/www.alumni.space\\\/pt-pt\\\/#website\",\"url\":\"https:\\\/\\\/www.alumni.space\\\/pt-pt\\\/\",\"name\":\"Alumni.space\",\"description\":\"My WordPress Blog\",\"potentialAction\":[{\"@type\":\"SearchAction\",\"target\":{\"@type\":\"EntryPoint\",\"urlTemplate\":\"https:\\\/\\\/www.alumni.space\\\/pt-pt\\\/?s={search_term_string}\"},\"query-input\":{\"@type\":\"PropertyValueSpecification\",\"valueRequired\":true,\"valueName\":\"search_term_string\"}}],\"inLanguage\":\"pt-PT\"}]}<\/script>\n<!-- \/ Yoast SEO plugin. -->","yoast_head_json":{"title":"Quais s\u00e3o os riscos para uma organiza\u00e7\u00e3o de n\u00e3o transmitir conhecimentos fundamentais? - Alumni.space","description":"A incapacidade de organizar a transfer\u00eancia de conhecimentos-chave dentro de uma organiza\u00e7\u00e3o pode ter consequ\u00eancias graves, que s\u00e3o frequentemente subestimadas. Estes riscos afectam a continuidade operacional, a qualidade do servi\u00e7o, a inova\u00e7\u00e3o e a capacidade de formar a pr\u00f3xima gera\u00e7\u00e3o.","robots":{"index":"index","follow":"follow","max-snippet":"max-snippet:-1","max-image-preview":"max-image-preview:large","max-video-preview":"max-video-preview:-1"},"canonical":"https:\/\/www.alumni.space\/pt-pt\/faq-alumni-mentorat\/quais-sao-os-riscos-para-uma-organizacao-de-nao-transmitir-conhecimentos-fundamentais\/","og_locale":"pt_PT","og_type":"article","og_title":"Quais s\u00e3o os riscos para uma organiza\u00e7\u00e3o de n\u00e3o transmitir conhecimentos fundamentais? - Alumni.space","og_description":"A incapacidade de organizar a transfer\u00eancia de conhecimentos-chave dentro de uma organiza\u00e7\u00e3o pode ter consequ\u00eancias graves, que s\u00e3o frequentemente subestimadas. Estes riscos afectam a continuidade operacional, a qualidade do servi\u00e7o, a inova\u00e7\u00e3o e a capacidade de formar a pr\u00f3xima gera\u00e7\u00e3o.","og_url":"https:\/\/www.alumni.space\/pt-pt\/faq-alumni-mentorat\/quais-sao-os-riscos-para-uma-organizacao-de-nao-transmitir-conhecimentos-fundamentais\/","og_site_name":"Alumni.space","twitter_card":"summary_large_image","twitter_misc":{"Tempo estimado de leitura":"2 minutos"},"schema":{"@context":"https:\/\/schema.org","@graph":[{"@type":"WebPage","@id":"https:\/\/www.alumni.space\/pt-pt\/faq-alumni-mentorat\/quais-sao-os-riscos-para-uma-organizacao-de-nao-transmitir-conhecimentos-fundamentais\/","url":"https:\/\/www.alumni.space\/pt-pt\/faq-alumni-mentorat\/quais-sao-os-riscos-para-uma-organizacao-de-nao-transmitir-conhecimentos-fundamentais\/","name":"Quais s\u00e3o os riscos para uma organiza\u00e7\u00e3o de n\u00e3o transmitir conhecimentos fundamentais? - Alumni.space","isPartOf":{"@id":"https:\/\/www.alumni.space\/pt-pt\/#website"},"datePublished":"2025-05-16T09:55:39+00:00","description":"A incapacidade de organizar a transfer\u00eancia de conhecimentos-chave dentro de uma organiza\u00e7\u00e3o pode ter consequ\u00eancias graves, que s\u00e3o frequentemente subestimadas. Estes riscos afectam a continuidade operacional, a qualidade do servi\u00e7o, a inova\u00e7\u00e3o e a capacidade de formar a pr\u00f3xima gera\u00e7\u00e3o.","breadcrumb":{"@id":"https:\/\/www.alumni.space\/pt-pt\/faq-alumni-mentorat\/quais-sao-os-riscos-para-uma-organizacao-de-nao-transmitir-conhecimentos-fundamentais\/#breadcrumb"},"inLanguage":"pt-PT","potentialAction":[{"@type":"ReadAction","target":["https:\/\/www.alumni.space\/pt-pt\/faq-alumni-mentorat\/quais-sao-os-riscos-para-uma-organizacao-de-nao-transmitir-conhecimentos-fundamentais\/"]}]},{"@type":"BreadcrumbList","@id":"https:\/\/www.alumni.space\/pt-pt\/faq-alumni-mentorat\/quais-sao-os-riscos-para-uma-organizacao-de-nao-transmitir-conhecimentos-fundamentais\/#breadcrumb","itemListElement":[{"@type":"ListItem","position":1,"name":"Home","item":"https:\/\/www.alumni.space\/pt-pt\/plataforma-de-gestao-de-mentores-e-antigos-alunos\/"},{"@type":"ListItem","position":2,"name":"FAQs","item":"https:\/\/www.alumni.space\/pt-pt\/faq-alumni-mentorat\/"},{"@type":"ListItem","position":3,"name":"Quais s\u00e3o os riscos para uma organiza\u00e7\u00e3o de n\u00e3o transmitir conhecimentos fundamentais?"}]},{"@type":"WebSite","@id":"https:\/\/www.alumni.space\/pt-pt\/#website","url":"https:\/\/www.alumni.space\/pt-pt\/","name":"Alumni.space","description":"My WordPress Blog","potentialAction":[{"@type":"SearchAction","target":{"@type":"EntryPoint","urlTemplate":"https:\/\/www.alumni.space\/pt-pt\/?s={search_term_string}"},"query-input":{"@type":"PropertyValueSpecification","valueRequired":true,"valueName":"search_term_string"}}],"inLanguage":"pt-PT"}]}},"_links":{"self":[{"href":"https:\/\/www.alumni.space\/pt-pt\/wp-json\/wp\/v2\/avada_faq\/4623","targetHints":{"allow":["GET"]}}],"collection":[{"href":"https:\/\/www.alumni.space\/pt-pt\/wp-json\/wp\/v2\/avada_faq"}],"about":[{"href":"https:\/\/www.alumni.space\/pt-pt\/wp-json\/wp\/v2\/types\/avada_faq"}],"author":[{"embeddable":true,"href":"https:\/\/www.alumni.space\/pt-pt\/wp-json\/wp\/v2\/users\/1"}],"replies":[{"embeddable":true,"href":"https:\/\/www.alumni.space\/pt-pt\/wp-json\/wp\/v2\/comments?post=4623"}],"version-history":[{"count":0,"href":"https:\/\/www.alumni.space\/pt-pt\/wp-json\/wp\/v2\/avada_faq\/4623\/revisions"}],"wp:attachment":[{"href":"https:\/\/www.alumni.space\/pt-pt\/wp-json\/wp\/v2\/media?parent=4623"}],"wp:term":[{"taxonomy":"faq_category","embeddable":true,"href":"https:\/\/www.alumni.space\/pt-pt\/wp-json\/wp\/v2\/faq_category?post=4623"}],"curies":[{"name":"wp","href":"https:\/\/api.w.org\/{rel}","templated":true}]}}

Quais são os riscos para uma organização de não transmitir conhecimentos fundamentais?

<p>A incapacidade de organizar a transferência de conhecimentos essenciais numa organização pode ter consequências graves, que são frequentemente subestimadas. Estes riscos afectam a continuidade operacional, a qualidade do serviço, a inovação e a capacidade de formar a próxima geração. </p>
<p>O primeiro perigo é a perda de competências. Quando um trabalhador especializado abandona o seu posto (reforma, mobilidade, demissão), leva consigo uma grande quantidade de conhecimentos tácitos: truques do ofício, lógica das decisões passadas, redes internas, boas práticas não documentadas, etc. Esta perda é difícil de recuperar se não tiver sido criado um processo de transmissão a montante. </p>
<p>Em segundo lugar, a organização pode sofrer uma quebra de desempenho: erros repetidos, prazos mais longos, perda de qualidade, insatisfação dos clientes, etc. As equipas restantes são por vezes deixadas à sua sorte, o que provoca stress, cargas de trabalho excessivas e até tensões internas.</p>
<p>A falta de transmissão pode também atrasar o desenvolvimento das competências dos novos recrutas. Sem tutoria, benchmarking e partilha de experiências, os jovens talentos podem sentir-se perdidos, o que é prejudicial para a sua integração e retenção. </p>
<p>A nível estratégico, isto atrasa a inovação e a evolução das práticas. A organização perde a sua memória colectiva, o que afecta a sua capacidade de aprender com a experiência, de antecipar a mudança e de se renovar. </p>
<p>Por último, pode prejudicar a imagem da empresa, tanto a nível interno como externo. Não valorizar a transferência de conhecimentos dá a impressão de um modelo de curto prazo pouco humano e estruturado. </p>
<p>Por todas estas razões, a criação de sistemas de transmissão (tutoria, documentação, emparelhamentos, formação cruzada) não é apenas uma mais-valia&#8230; mas uma necessidade.</p>

<p>A incapacidade de organizar a transferência de conhecimentos essenciais numa organização pode ter consequências graves, que são frequentemente subestimadas. Estes riscos afectam a continuidade operacional, a qualidade do serviço, a inovação e a capacidade de formar a próxima geração. </p>

<!-- This site is optimized with the Yoast SEO plugin v27.4 - https://yoast.com/product/yoast-seo-wordpress/ -->
<title>Quais são os riscos para uma organização de não transmitir conhecimentos fundamentais? - Alumni.space</title>
<meta name="description" content="A incapacidade de organizar a transferência de conhecimentos-chave dentro de uma organização pode ter consequências graves, que são frequentemente subestimadas. Estes riscos afectam a continuidade operacional, a qualidade do serviço, a inovação e a capacidade de formar a próxima geração." />
<meta name="robots" content="index, follow, max-snippet:-1, max-image-preview:large, max-video-preview:-1" />
<link rel="canonical" href="https://www.alumni.space/pt-pt/faq-alumni-mentorat/quais-sao-os-riscos-para-uma-organizacao-de-nao-transmitir-conhecimentos-fundamentais/" />
<meta property="og:locale" content="pt_PT" />
<meta property="og:type" content="article" />
<meta property="og:title" content="Quais são os riscos para uma organização de não transmitir conhecimentos fundamentais? - Alumni.space" />
<meta property="og:description" content="A incapacidade de organizar a transferência de conhecimentos-chave dentro de uma organização pode ter consequências graves, que são frequentemente subestimadas. Estes riscos afectam a continuidade operacional, a qualidade do serviço, a inovação e a capacidade de formar a próxima geração." />
<meta property="og:url" content="https://www.alumni.space/pt-pt/faq-alumni-mentorat/quais-sao-os-riscos-para-uma-organizacao-de-nao-transmitir-conhecimentos-fundamentais/" />
<meta property="og:site_name" content="Alumni.space" />
<meta name="twitter:card" content="summary_large_image" />
<meta name="twitter:label1" content="Tempo estimado de leitura" />
	<meta name="twitter:data1" content="2 minutos" />
<script type="application/ld+json" class="yoast-schema-graph">{"@context":"https:\/\/schema.org","@graph":[{"@type":"WebPage","@id":"https:\/\/www.alumni.space\/pt-pt\/faq-alumni-mentorat\/quais-sao-os-riscos-para-uma-organizacao-de-nao-transmitir-conhecimentos-fundamentais\/","url":"https:\/\/www.alumni.space\/pt-pt\/faq-alumni-mentorat\/quais-sao-os-riscos-para-uma-organizacao-de-nao-transmitir-conhecimentos-fundamentais\/","name":"Quais são os riscos para uma organização de não transmitir conhecimentos fundamentais? - Alumni.space","isPartOf":{"@id":"https:\/\/www.alumni.space\/pt-pt\/#website"},"datePublished":"2025-05-16T09:55:39+00:00","description":"A incapacidade de organizar a transferência de conhecimentos-chave dentro de uma organização pode ter consequências graves, que são frequentemente subestimadas. Estes riscos afectam a continuidade operacional, a qualidade do serviço, a inovação e a capacidade de formar a próxima geração.","breadcrumb":{"@id":"https:\/\/www.alumni.space\/pt-pt\/faq-alumni-mentorat\/quais-sao-os-riscos-para-uma-organizacao-de-nao-transmitir-conhecimentos-fundamentais\/#breadcrumb"},"inLanguage":"pt-PT","potentialAction":[{"@type":"ReadAction","target":["https:\/\/www.alumni.space\/pt-pt\/faq-alumni-mentorat\/quais-sao-os-riscos-para-uma-organizacao-de-nao-transmitir-conhecimentos-fundamentais\/"]}]},{"@type":"BreadcrumbList","@id":"https:\/\/www.alumni.space\/pt-pt\/faq-alumni-mentorat\/quais-sao-os-riscos-para-uma-organizacao-de-nao-transmitir-conhecimentos-fundamentais\/#breadcrumb","itemListElement":[{"@type":"ListItem","position":1,"name":"Home","item":"https:\/\/www.alumni.space\/pt-pt\/plataforma-de-gestao-de-mentores-e-antigos-alunos\/"},{"@type":"ListItem","position":2,"name":"FAQs","item":"https:\/\/www.alumni.space\/pt-pt\/faq-alumni-mentorat\/"},{"@type":"ListItem","position":3,"name":"Quais são os riscos para uma organização de não transmitir conhecimentos fundamentais?"}]},{"@type":"WebSite","@id":"https:\/\/www.alumni.space\/pt-pt\/#website","url":"https:\/\/www.alumni.space\/pt-pt\/","name":"Alumni.space","description":"My WordPress Blog","potentialAction":[{"@type":"SearchAction","target":{"@type":"EntryPoint","urlTemplate":"https:\/\/www.alumni.space\/pt-pt\/?s={search_term_string}"},"query-input":{"@type":"PropertyValueSpecification","valueRequired":true,"valueName":"search_term_string"}}],"inLanguage":"pt-PT"}]}</script>
<!-- / Yoast SEO plugin. -->

Quais são os riscos para uma organização de não transmitir conhecimentos fundamentais? - Alumni.space

A incapacidade de organizar a transferência de conhecimentos-chave dentro de uma organização pode ter consequências graves, que são frequentemente subestimadas. Estes riscos afectam a continuidade operacional, a qualidade do serviço, a inovação e a capacidade de formar a próxima geração.
