{"id":4622,"date":"2025-05-16T09:54:54","date_gmt":"2025-05-16T09:54:54","guid":{"rendered":"https:\/\/www.alumni.space\/faq-alumni-mentorat\/como-e-que-podemos-antecipar-a-perda-de-competencias-devido-a-reforma\/"},"modified":"2025-05-16T09:54:54","modified_gmt":"2025-05-16T09:54:54","slug":"como-e-que-podemos-antecipar-a-perda-de-competencias-devido-a-reforma","status":"publish","type":"avada_faq","link":"https:\/\/www.alumni.space\/pt-pt\/faq-alumni-mentorat\/como-e-que-podemos-antecipar-a-perda-de-competencias-devido-a-reforma\/","title":{"rendered":"Como \u00e9 que podemos antecipar a perda de compet\u00eancias devido \u00e0 reforma?"},"content":{"rendered":"<p>Antecipar a perda de compet\u00eancias devido \u00e0 reforma \u00e9 uma quest\u00e3o estrat\u00e9gica para as empresas, as autoridades p\u00fablicas e os estabelecimentos de forma\u00e7\u00e3o. Com o envelhecimento da popula\u00e7\u00e3o ativa e os efeitos da pir\u00e2mide et\u00e1ria, muitas organiza\u00e7\u00f5es correm o risco de ver desaparecer compet\u00eancias essenciais sem um plano de transmiss\u00e3o. <\/p>\n<p>O primeiro passo \u00e9 fazer um levantamento das compet\u00eancias-chave presentes na organiza\u00e7\u00e3o. \u00c9 necess\u00e1rio identificar as posi\u00e7\u00f5es sens\u00edveis, as compet\u00eancias espec\u00edficas detidas por um pequeno n\u00famero de pessoas e as fun\u00e7\u00f5es com um elevado perfil operacional ou regulamentar. Esta an\u00e1lise deve incluir n\u00e3o s\u00f3 as compet\u00eancias t\u00e9cnicas, mas tamb\u00e9m o saber-fazer informal e a mem\u00f3ria dos processos.  <\/p>\n<p>Uma vez identificados estes riscos, \u00e9 essencial implementar mecanismos estruturados de transmiss\u00e3o. A tutoria \u00e9 particularmente adequada neste contexto, uma vez que permite que os trabalhadores experientes transmitam a sua experi\u00eancia de forma gradual, incorporada e contextualizada. Os pares s\u00e9nior-j\u00fanior podem ser formados v\u00e1rios meses antes da partida anunciada.  <\/p>\n<p>Ao mesmo tempo, as entrevistas de capitaliza\u00e7\u00e3o do conhecimento, a elabora\u00e7\u00e3o de fichas de boas pr\u00e1ticas e a grava\u00e7\u00e3o de conte\u00fados pedag\u00f3gicos (v\u00eddeos, podcasts, meios interactivos) s\u00e3o excelentes formas de documentar e perpetuar o conhecimento.<\/p>\n<p>Os departamentos de RH podem tamb\u00e9m introduzir uma gest\u00e3o prospetiva de empregos e compet\u00eancias (GPEC) que tenha em conta a idade. Isto ajuda a antecipar as sa\u00eddas, a preparar a pr\u00f3xima gera\u00e7\u00e3o e a planear o recrutamento e a mobilidade interna. <\/p>\n<p>Por \u00faltimo, a valoriza\u00e7\u00e3o dos quadros superiores, envolvendo-os em ac\u00e7\u00f5es de forma\u00e7\u00e3o interna ou propondo-lhes miss\u00f5es de transfer\u00eancia espec\u00edficas, \u00e9 uma forma eficaz de preservar as compet\u00eancias e de reconhecer o seu valor.<\/p>\n","protected":false},"excerpt":{"rendered":"<p>Antecipar a perda de compet\u00eancias devido \u00e0 reforma \u00e9 uma quest\u00e3o estrat\u00e9gica para as empresas, as autoridades p\u00fablicas e os estabelecimentos de forma\u00e7\u00e3o. Com o envelhecimento da popula\u00e7\u00e3o ativa e os efeitos da pir\u00e2mide et\u00e1ria, muitas organiza\u00e7\u00f5es correm o risco de ver desaparecer compet\u00eancias essenciais sem um plano de transmiss\u00e3o. <\/p>\n","protected":false},"author":1,"featured_media":0,"menu_order":0,"comment_status":"closed","ping_status":"closed","template":"","format":"standard","meta":{"footnotes":""},"faq_category":[98,100,103,102,104],"class_list":["post-4622","avada_faq","type-avada_faq","status-publish","format-standard","hentry","faq_category-antigos-alunos","faq_category-gestao-de-competencias","faq_category-recursos-humanos","faq_category-relacao-com-os-antigos-alunos","faq_category-transmissao-de-conhecimentos"],"yoast_head":"<!-- This site is optimized with the Yoast SEO plugin v27.4 - https:\/\/yoast.com\/product\/yoast-seo-wordpress\/ -->\n<title>Como \u00e9 que podemos antecipar a perda de compet\u00eancias devido \u00e0 reforma? - Alumni.space<\/title>\n<meta name=\"description\" content=\"Antecipar a perda de compet\u00eancias devido \u00e0 reforma \u00e9 uma quest\u00e3o estrat\u00e9gica para as empresas, as autoridades p\u00fablicas e os estabelecimentos de forma\u00e7\u00e3o. Com o envelhecimento da popula\u00e7\u00e3o ativa e os efeitos da pir\u00e2mide et\u00e1ria, muitas organiza\u00e7\u00f5es correm o risco de ver desaparecer compet\u00eancias essenciais sem um plano de transmiss\u00e3o.\" \/>\n<meta name=\"robots\" content=\"index, follow, max-snippet:-1, max-image-preview:large, max-video-preview:-1\" \/>\n<link rel=\"canonical\" href=\"https:\/\/www.alumni.space\/pt-pt\/faq-alumni-mentorat\/como-e-que-podemos-antecipar-a-perda-de-competencias-devido-a-reforma\/\" \/>\n<meta property=\"og:locale\" content=\"pt_PT\" \/>\n<meta property=\"og:type\" content=\"article\" \/>\n<meta property=\"og:title\" content=\"Como \u00e9 que podemos antecipar a perda de compet\u00eancias devido \u00e0 reforma? - Alumni.space\" \/>\n<meta property=\"og:description\" content=\"Antecipar a perda de compet\u00eancias devido \u00e0 reforma \u00e9 uma quest\u00e3o estrat\u00e9gica para as empresas, as autoridades p\u00fablicas e os estabelecimentos de forma\u00e7\u00e3o. Com o envelhecimento da popula\u00e7\u00e3o ativa e os efeitos da pir\u00e2mide et\u00e1ria, muitas organiza\u00e7\u00f5es correm o risco de ver desaparecer compet\u00eancias essenciais sem um plano de transmiss\u00e3o.\" \/>\n<meta property=\"og:url\" content=\"https:\/\/www.alumni.space\/pt-pt\/faq-alumni-mentorat\/como-e-que-podemos-antecipar-a-perda-de-competencias-devido-a-reforma\/\" \/>\n<meta property=\"og:site_name\" content=\"Alumni.space\" \/>\n<meta name=\"twitter:card\" content=\"summary_large_image\" \/>\n<meta name=\"twitter:label1\" content=\"Tempo estimado de leitura\" \/>\n\t<meta name=\"twitter:data1\" content=\"2 minutos\" \/>\n<script type=\"application\/ld+json\" class=\"yoast-schema-graph\">{\"@context\":\"https:\\\/\\\/schema.org\",\"@graph\":[{\"@type\":\"WebPage\",\"@id\":\"https:\\\/\\\/www.alumni.space\\\/pt-pt\\\/faq-alumni-mentorat\\\/como-e-que-podemos-antecipar-a-perda-de-competencias-devido-a-reforma\\\/\",\"url\":\"https:\\\/\\\/www.alumni.space\\\/pt-pt\\\/faq-alumni-mentorat\\\/como-e-que-podemos-antecipar-a-perda-de-competencias-devido-a-reforma\\\/\",\"name\":\"Como \u00e9 que podemos antecipar a perda de compet\u00eancias devido \u00e0 reforma? - Alumni.space\",\"isPartOf\":{\"@id\":\"https:\\\/\\\/www.alumni.space\\\/pt-pt\\\/#website\"},\"datePublished\":\"2025-05-16T09:54:54+00:00\",\"description\":\"Antecipar a perda de compet\u00eancias devido \u00e0 reforma \u00e9 uma quest\u00e3o estrat\u00e9gica para as empresas, as autoridades p\u00fablicas e os estabelecimentos de forma\u00e7\u00e3o. Com o envelhecimento da popula\u00e7\u00e3o ativa e os efeitos da pir\u00e2mide et\u00e1ria, muitas organiza\u00e7\u00f5es correm o risco de ver desaparecer compet\u00eancias essenciais sem um plano de transmiss\u00e3o.\",\"breadcrumb\":{\"@id\":\"https:\\\/\\\/www.alumni.space\\\/pt-pt\\\/faq-alumni-mentorat\\\/como-e-que-podemos-antecipar-a-perda-de-competencias-devido-a-reforma\\\/#breadcrumb\"},\"inLanguage\":\"pt-PT\",\"potentialAction\":[{\"@type\":\"ReadAction\",\"target\":[\"https:\\\/\\\/www.alumni.space\\\/pt-pt\\\/faq-alumni-mentorat\\\/como-e-que-podemos-antecipar-a-perda-de-competencias-devido-a-reforma\\\/\"]}]},{\"@type\":\"BreadcrumbList\",\"@id\":\"https:\\\/\\\/www.alumni.space\\\/pt-pt\\\/faq-alumni-mentorat\\\/como-e-que-podemos-antecipar-a-perda-de-competencias-devido-a-reforma\\\/#breadcrumb\",\"itemListElement\":[{\"@type\":\"ListItem\",\"position\":1,\"name\":\"Home\",\"item\":\"https:\\\/\\\/www.alumni.space\\\/pt-pt\\\/plataforma-de-gestao-de-mentores-e-antigos-alunos\\\/\"},{\"@type\":\"ListItem\",\"position\":2,\"name\":\"FAQs\",\"item\":\"https:\\\/\\\/www.alumni.space\\\/pt-pt\\\/faq-alumni-mentorat\\\/\"},{\"@type\":\"ListItem\",\"position\":3,\"name\":\"Como \u00e9 que podemos antecipar a perda de compet\u00eancias devido \u00e0 reforma?\"}]},{\"@type\":\"WebSite\",\"@id\":\"https:\\\/\\\/www.alumni.space\\\/pt-pt\\\/#website\",\"url\":\"https:\\\/\\\/www.alumni.space\\\/pt-pt\\\/\",\"name\":\"Alumni.space\",\"description\":\"My WordPress Blog\",\"potentialAction\":[{\"@type\":\"SearchAction\",\"target\":{\"@type\":\"EntryPoint\",\"urlTemplate\":\"https:\\\/\\\/www.alumni.space\\\/pt-pt\\\/?s={search_term_string}\"},\"query-input\":{\"@type\":\"PropertyValueSpecification\",\"valueRequired\":true,\"valueName\":\"search_term_string\"}}],\"inLanguage\":\"pt-PT\"}]}<\/script>\n<!-- \/ Yoast SEO plugin. -->","yoast_head_json":{"title":"Como \u00e9 que podemos antecipar a perda de compet\u00eancias devido \u00e0 reforma? - Alumni.space","description":"Antecipar a perda de compet\u00eancias devido \u00e0 reforma \u00e9 uma quest\u00e3o estrat\u00e9gica para as empresas, as autoridades p\u00fablicas e os estabelecimentos de forma\u00e7\u00e3o. Com o envelhecimento da popula\u00e7\u00e3o ativa e os efeitos da pir\u00e2mide et\u00e1ria, muitas organiza\u00e7\u00f5es correm o risco de ver desaparecer compet\u00eancias essenciais sem um plano de transmiss\u00e3o.","robots":{"index":"index","follow":"follow","max-snippet":"max-snippet:-1","max-image-preview":"max-image-preview:large","max-video-preview":"max-video-preview:-1"},"canonical":"https:\/\/www.alumni.space\/pt-pt\/faq-alumni-mentorat\/como-e-que-podemos-antecipar-a-perda-de-competencias-devido-a-reforma\/","og_locale":"pt_PT","og_type":"article","og_title":"Como \u00e9 que podemos antecipar a perda de compet\u00eancias devido \u00e0 reforma? - Alumni.space","og_description":"Antecipar a perda de compet\u00eancias devido \u00e0 reforma \u00e9 uma quest\u00e3o estrat\u00e9gica para as empresas, as autoridades p\u00fablicas e os estabelecimentos de forma\u00e7\u00e3o. Com o envelhecimento da popula\u00e7\u00e3o ativa e os efeitos da pir\u00e2mide et\u00e1ria, muitas organiza\u00e7\u00f5es correm o risco de ver desaparecer compet\u00eancias essenciais sem um plano de transmiss\u00e3o.","og_url":"https:\/\/www.alumni.space\/pt-pt\/faq-alumni-mentorat\/como-e-que-podemos-antecipar-a-perda-de-competencias-devido-a-reforma\/","og_site_name":"Alumni.space","twitter_card":"summary_large_image","twitter_misc":{"Tempo estimado de leitura":"2 minutos"},"schema":{"@context":"https:\/\/schema.org","@graph":[{"@type":"WebPage","@id":"https:\/\/www.alumni.space\/pt-pt\/faq-alumni-mentorat\/como-e-que-podemos-antecipar-a-perda-de-competencias-devido-a-reforma\/","url":"https:\/\/www.alumni.space\/pt-pt\/faq-alumni-mentorat\/como-e-que-podemos-antecipar-a-perda-de-competencias-devido-a-reforma\/","name":"Como \u00e9 que podemos antecipar a perda de compet\u00eancias devido \u00e0 reforma? - Alumni.space","isPartOf":{"@id":"https:\/\/www.alumni.space\/pt-pt\/#website"},"datePublished":"2025-05-16T09:54:54+00:00","description":"Antecipar a perda de compet\u00eancias devido \u00e0 reforma \u00e9 uma quest\u00e3o estrat\u00e9gica para as empresas, as autoridades p\u00fablicas e os estabelecimentos de forma\u00e7\u00e3o. Com o envelhecimento da popula\u00e7\u00e3o ativa e os efeitos da pir\u00e2mide et\u00e1ria, muitas organiza\u00e7\u00f5es correm o risco de ver desaparecer compet\u00eancias essenciais sem um plano de transmiss\u00e3o.","breadcrumb":{"@id":"https:\/\/www.alumni.space\/pt-pt\/faq-alumni-mentorat\/como-e-que-podemos-antecipar-a-perda-de-competencias-devido-a-reforma\/#breadcrumb"},"inLanguage":"pt-PT","potentialAction":[{"@type":"ReadAction","target":["https:\/\/www.alumni.space\/pt-pt\/faq-alumni-mentorat\/como-e-que-podemos-antecipar-a-perda-de-competencias-devido-a-reforma\/"]}]},{"@type":"BreadcrumbList","@id":"https:\/\/www.alumni.space\/pt-pt\/faq-alumni-mentorat\/como-e-que-podemos-antecipar-a-perda-de-competencias-devido-a-reforma\/#breadcrumb","itemListElement":[{"@type":"ListItem","position":1,"name":"Home","item":"https:\/\/www.alumni.space\/pt-pt\/plataforma-de-gestao-de-mentores-e-antigos-alunos\/"},{"@type":"ListItem","position":2,"name":"FAQs","item":"https:\/\/www.alumni.space\/pt-pt\/faq-alumni-mentorat\/"},{"@type":"ListItem","position":3,"name":"Como \u00e9 que podemos antecipar a perda de compet\u00eancias devido \u00e0 reforma?"}]},{"@type":"WebSite","@id":"https:\/\/www.alumni.space\/pt-pt\/#website","url":"https:\/\/www.alumni.space\/pt-pt\/","name":"Alumni.space","description":"My WordPress Blog","potentialAction":[{"@type":"SearchAction","target":{"@type":"EntryPoint","urlTemplate":"https:\/\/www.alumni.space\/pt-pt\/?s={search_term_string}"},"query-input":{"@type":"PropertyValueSpecification","valueRequired":true,"valueName":"search_term_string"}}],"inLanguage":"pt-PT"}]}},"_links":{"self":[{"href":"https:\/\/www.alumni.space\/pt-pt\/wp-json\/wp\/v2\/avada_faq\/4622","targetHints":{"allow":["GET"]}}],"collection":[{"href":"https:\/\/www.alumni.space\/pt-pt\/wp-json\/wp\/v2\/avada_faq"}],"about":[{"href":"https:\/\/www.alumni.space\/pt-pt\/wp-json\/wp\/v2\/types\/avada_faq"}],"author":[{"embeddable":true,"href":"https:\/\/www.alumni.space\/pt-pt\/wp-json\/wp\/v2\/users\/1"}],"replies":[{"embeddable":true,"href":"https:\/\/www.alumni.space\/pt-pt\/wp-json\/wp\/v2\/comments?post=4622"}],"version-history":[{"count":0,"href":"https:\/\/www.alumni.space\/pt-pt\/wp-json\/wp\/v2\/avada_faq\/4622\/revisions"}],"wp:attachment":[{"href":"https:\/\/www.alumni.space\/pt-pt\/wp-json\/wp\/v2\/media?parent=4622"}],"wp:term":[{"taxonomy":"faq_category","embeddable":true,"href":"https:\/\/www.alumni.space\/pt-pt\/wp-json\/wp\/v2\/faq_category?post=4622"}],"curies":[{"name":"wp","href":"https:\/\/api.w.org\/{rel}","templated":true}]}}

Como é que podemos antecipar a perda de competências devido à reforma?

<p>Antecipar a perda de competências devido à reforma é uma questão estratégica para as empresas, as autoridades públicas e os estabelecimentos de formação. Com o envelhecimento da população ativa e os efeitos da pirâmide etária, muitas organizações correm o risco de ver desaparecer competências essenciais sem um plano de transmissão. </p>
<p>O primeiro passo é fazer um levantamento das competências-chave presentes na organização. É necessário identificar as posições sensíveis, as competências específicas detidas por um pequeno número de pessoas e as funções com um elevado perfil operacional ou regulamentar. Esta análise deve incluir não só as competências técnicas, mas também o saber-fazer informal e a memória dos processos.  </p>
<p>Uma vez identificados estes riscos, é essencial implementar mecanismos estruturados de transmissão. A tutoria é particularmente adequada neste contexto, uma vez que permite que os trabalhadores experientes transmitam a sua experiência de forma gradual, incorporada e contextualizada. Os pares sénior-júnior podem ser formados vários meses antes da partida anunciada.  </p>
<p>Ao mesmo tempo, as entrevistas de capitalização do conhecimento, a elaboração de fichas de boas práticas e a gravação de conteúdos pedagógicos (vídeos, podcasts, meios interactivos) são excelentes formas de documentar e perpetuar o conhecimento.</p>
<p>Os departamentos de RH podem também introduzir uma gestão prospetiva de empregos e competências (GPEC) que tenha em conta a idade. Isto ajuda a antecipar as saídas, a preparar a próxima geração e a planear o recrutamento e a mobilidade interna. </p>
<p>Por último, a valorização dos quadros superiores, envolvendo-os em acções de formação interna ou propondo-lhes missões de transferência específicas, é uma forma eficaz de preservar as competências e de reconhecer o seu valor.</p>

<p>Antecipar a perda de competências devido à reforma é uma questão estratégica para as empresas, as autoridades públicas e os estabelecimentos de formação. Com o envelhecimento da população ativa e os efeitos da pirâmide etária, muitas organizações correm o risco de ver desaparecer competências essenciais sem um plano de transmissão. </p>

<!-- This site is optimized with the Yoast SEO plugin v27.4 - https://yoast.com/product/yoast-seo-wordpress/ -->
<title>Como é que podemos antecipar a perda de competências devido à reforma? - Alumni.space</title>
<meta name="description" content="Antecipar a perda de competências devido à reforma é uma questão estratégica para as empresas, as autoridades públicas e os estabelecimentos de formação. Com o envelhecimento da população ativa e os efeitos da pirâmide etária, muitas organizações correm o risco de ver desaparecer competências essenciais sem um plano de transmissão." />
<meta name="robots" content="index, follow, max-snippet:-1, max-image-preview:large, max-video-preview:-1" />
<link rel="canonical" href="https://www.alumni.space/pt-pt/faq-alumni-mentorat/como-e-que-podemos-antecipar-a-perda-de-competencias-devido-a-reforma/" />
<meta property="og:locale" content="pt_PT" />
<meta property="og:type" content="article" />
<meta property="og:title" content="Como é que podemos antecipar a perda de competências devido à reforma? - Alumni.space" />
<meta property="og:description" content="Antecipar a perda de competências devido à reforma é uma questão estratégica para as empresas, as autoridades públicas e os estabelecimentos de formação. Com o envelhecimento da população ativa e os efeitos da pirâmide etária, muitas organizações correm o risco de ver desaparecer competências essenciais sem um plano de transmissão." />
<meta property="og:url" content="https://www.alumni.space/pt-pt/faq-alumni-mentorat/como-e-que-podemos-antecipar-a-perda-de-competencias-devido-a-reforma/" />
<meta property="og:site_name" content="Alumni.space" />
<meta name="twitter:card" content="summary_large_image" />
<meta name="twitter:label1" content="Tempo estimado de leitura" />
	<meta name="twitter:data1" content="2 minutos" />
<script type="application/ld+json" class="yoast-schema-graph">{"@context":"https:\/\/schema.org","@graph":[{"@type":"WebPage","@id":"https:\/\/www.alumni.space\/pt-pt\/faq-alumni-mentorat\/como-e-que-podemos-antecipar-a-perda-de-competencias-devido-a-reforma\/","url":"https:\/\/www.alumni.space\/pt-pt\/faq-alumni-mentorat\/como-e-que-podemos-antecipar-a-perda-de-competencias-devido-a-reforma\/","name":"Como é que podemos antecipar a perda de competências devido à reforma? - Alumni.space","isPartOf":{"@id":"https:\/\/www.alumni.space\/pt-pt\/#website"},"datePublished":"2025-05-16T09:54:54+00:00","description":"Antecipar a perda de competências devido à reforma é uma questão estratégica para as empresas, as autoridades públicas e os estabelecimentos de formação. Com o envelhecimento da população ativa e os efeitos da pirâmide etária, muitas organizações correm o risco de ver desaparecer competências essenciais sem um plano de transmissão.","breadcrumb":{"@id":"https:\/\/www.alumni.space\/pt-pt\/faq-alumni-mentorat\/como-e-que-podemos-antecipar-a-perda-de-competencias-devido-a-reforma\/#breadcrumb"},"inLanguage":"pt-PT","potentialAction":[{"@type":"ReadAction","target":["https:\/\/www.alumni.space\/pt-pt\/faq-alumni-mentorat\/como-e-que-podemos-antecipar-a-perda-de-competencias-devido-a-reforma\/"]}]},{"@type":"BreadcrumbList","@id":"https:\/\/www.alumni.space\/pt-pt\/faq-alumni-mentorat\/como-e-que-podemos-antecipar-a-perda-de-competencias-devido-a-reforma\/#breadcrumb","itemListElement":[{"@type":"ListItem","position":1,"name":"Home","item":"https:\/\/www.alumni.space\/pt-pt\/plataforma-de-gestao-de-mentores-e-antigos-alunos\/"},{"@type":"ListItem","position":2,"name":"FAQs","item":"https:\/\/www.alumni.space\/pt-pt\/faq-alumni-mentorat\/"},{"@type":"ListItem","position":3,"name":"Como é que podemos antecipar a perda de competências devido à reforma?"}]},{"@type":"WebSite","@id":"https:\/\/www.alumni.space\/pt-pt\/#website","url":"https:\/\/www.alumni.space\/pt-pt\/","name":"Alumni.space","description":"My WordPress Blog","potentialAction":[{"@type":"SearchAction","target":{"@type":"EntryPoint","urlTemplate":"https:\/\/www.alumni.space\/pt-pt\/?s={search_term_string}"},"query-input":{"@type":"PropertyValueSpecification","valueRequired":true,"valueName":"search_term_string"}}],"inLanguage":"pt-PT"}]}</script>
<!-- / Yoast SEO plugin. -->

Como é que podemos antecipar a perda de competências devido à reforma? - Alumni.space

Antecipar a perda de competências devido à reforma é uma questão estratégica para as empresas, as autoridades públicas e os estabelecimentos de formação. Com o envelhecimento da população ativa e os efeitos da pirâmide etária, muitas organizações correm o risco de ver desaparecer competências essenciais sem um plano de transmissão.
