{"id":4557,"date":"2025-05-16T09:59:40","date_gmt":"2025-05-16T09:59:40","guid":{"rendered":"https:\/\/www.alumni.space\/faq-alumni-mentorat\/como-e-que-os-grupos-de-reflexao-os-clubes-de-peritos-e-as-catedras-podem-preservar-os-seus-conhecimentos\/"},"modified":"2025-05-16T09:59:40","modified_gmt":"2025-05-16T09:59:40","slug":"como-e-que-os-grupos-de-reflexao-os-clubes-de-peritos-e-as-catedras-podem-preservar-os-seus-conhecimentos","status":"publish","type":"avada_faq","link":"https:\/\/www.alumni.space\/pt-pt\/faq-alumni-mentorat\/como-e-que-os-grupos-de-reflexao-os-clubes-de-peritos-e-as-catedras-podem-preservar-os-seus-conhecimentos\/","title":{"rendered":"Como \u00e9 que os grupos de reflex\u00e3o, os clubes de peritos e as c\u00e1tedras podem preservar os seus conhecimentos?"},"content":{"rendered":"<p>Os grupos de reflex\u00e3o, os clubes de peritos e as c\u00e1tedras de investiga\u00e7\u00e3o produzem uma riqueza de conhecimentos intelectuais e estrat\u00e9gicos. Mas estes conhecimentos, muitas vezes divididos entre alguns membros-chave ou concentrados em eventos pontuais, correm o risco de se desgastar se n\u00e3o forem estruturados, transmitidos e capitalizados de forma proactiva. <\/p>\n<p>O primeiro passo \u00e9 formalizar o conhecimento produzido: publica\u00e7\u00f5es, notas de an\u00e1lise, resumos de trabalhos colectivos, relat\u00f3rios de debates ou confer\u00eancias, etc. Esta documenta\u00e7\u00e3o deve ser centralizada num espa\u00e7o digital seguro, indexada por assunto e actualizada regularmente.<\/p>\n<p>Em segundo lugar, \u00e9 essencial promover a experi\u00eancia individual: entrevistas filmadas, podcasts de especialistas, contribui\u00e7\u00f5es para obras colectivas. Estes formatos asseguram a perenidade do pensamento dos nossos membros, tornando-o acess\u00edvel a um p\u00fablico mais vasto. <\/p>\n<p>A tutoria desempenha aqui um papel importante. Permite que os peritos mais experientes transmitam os seus m\u00e9todos de an\u00e1lise, as suas fontes e a sua abordagem intelectual a jovens investigadores ou profissionais. Podem ser formados pares para projectos, publica\u00e7\u00f5es ou grupos de trabalho.  <\/p>\n<p>As estruturas tamb\u00e9m podem criar dias de transmiss\u00e3o, ciclos de forma\u00e7\u00e3o interna ou eventos de &#8220;arquivo vivo&#8221; onde os membros partilham momentos de funda\u00e7\u00e3o, controv\u00e9rsias e escolhas passadas.<\/p>\n<p>A cria\u00e7\u00e3o de uma rede de antigos colaboradores \u00e9 tamb\u00e9m uma boa ideia: ajuda a manter os la\u00e7os com os antigos membros e a difundir a reflex\u00e3o do grupo noutras esferas (empresas, institui\u00e7\u00f5es, meios de comunica\u00e7\u00e3o, etc.).<\/p>\n<p>Por \u00faltimo, a governa\u00e7\u00e3o do conhecimento deve ser considerada a longo prazo: como podemos acompanhar o que produzimos? Quem \u00e9 respons\u00e1vel pela sua mem\u00f3ria? Como \u00e9 que este conhecimento pode ser tornado acess\u00edvel a futuros contribuidores?  <\/p>\n<p>Preservar e partilhar conhecimentos significa dar vida \u00e0 miss\u00e3o do Grupo muito para al\u00e9m das pessoas que est\u00e3o presentes.<\/p>\n","protected":false},"excerpt":{"rendered":"<p>Os grupos de reflex\u00e3o, os clubes de peritos e as c\u00e1tedras de investiga\u00e7\u00e3o produzem uma riqueza de conhecimentos intelectuais e estrat\u00e9gicos. Mas estes conhecimentos, muitas vezes divididos entre alguns membros-chave ou concentrados em eventos pontuais, correm o risco de se desgastar se n\u00e3o forem estruturados, transmitidos e capitalizados de forma proactiva. <\/p>\n","protected":false},"author":1,"featured_media":0,"menu_order":0,"comment_status":"closed","ping_status":"closed","template":"","format":"standard","meta":{"footnotes":""},"faq_category":[101,103,102,104],"class_list":["post-4557","avada_faq","type-avada_faq","status-publish","format-standard","hentry","faq_category-mentoria","faq_category-recursos-humanos","faq_category-relacao-com-os-antigos-alunos","faq_category-transmissao-de-conhecimentos"],"yoast_head":"<!-- This site is optimized with the Yoast SEO plugin v27.4 - https:\/\/yoast.com\/product\/yoast-seo-wordpress\/ -->\n<title>Como \u00e9 que os grupos de reflex\u00e3o, os clubes de peritos e as c\u00e1tedras podem preservar os seus conhecimentos? - Alumni.space<\/title>\n<meta name=\"description\" content=\"Os grupos de reflex\u00e3o, os clubes de peritos e as c\u00e1tedras de investiga\u00e7\u00e3o produzem uma riqueza de conhecimentos intelectuais e estrat\u00e9gicos. Mas estes conhecimentos, muitas vezes divididos entre alguns membros-chave ou concentrados em eventos pontuais, correm o risco de se desgastar se n\u00e3o forem estruturados, transmitidos e capitalizados de forma proactiva.\" \/>\n<meta name=\"robots\" content=\"index, follow, max-snippet:-1, max-image-preview:large, max-video-preview:-1\" \/>\n<link rel=\"canonical\" href=\"https:\/\/www.alumni.space\/pt-pt\/faq-alumni-mentorat\/como-e-que-os-grupos-de-reflexao-os-clubes-de-peritos-e-as-catedras-podem-preservar-os-seus-conhecimentos\/\" \/>\n<meta property=\"og:locale\" content=\"pt_PT\" \/>\n<meta property=\"og:type\" content=\"article\" \/>\n<meta property=\"og:title\" content=\"Como \u00e9 que os grupos de reflex\u00e3o, os clubes de peritos e as c\u00e1tedras podem preservar os seus conhecimentos? - Alumni.space\" \/>\n<meta property=\"og:description\" content=\"Os grupos de reflex\u00e3o, os clubes de peritos e as c\u00e1tedras de investiga\u00e7\u00e3o produzem uma riqueza de conhecimentos intelectuais e estrat\u00e9gicos. Mas estes conhecimentos, muitas vezes divididos entre alguns membros-chave ou concentrados em eventos pontuais, correm o risco de se desgastar se n\u00e3o forem estruturados, transmitidos e capitalizados de forma proactiva.\" \/>\n<meta property=\"og:url\" content=\"https:\/\/www.alumni.space\/pt-pt\/faq-alumni-mentorat\/como-e-que-os-grupos-de-reflexao-os-clubes-de-peritos-e-as-catedras-podem-preservar-os-seus-conhecimentos\/\" \/>\n<meta property=\"og:site_name\" content=\"Alumni.space\" \/>\n<meta name=\"twitter:card\" content=\"summary_large_image\" \/>\n<meta name=\"twitter:label1\" content=\"Tempo estimado de leitura\" \/>\n\t<meta name=\"twitter:data1\" content=\"2 minutos\" \/>\n<script type=\"application\/ld+json\" class=\"yoast-schema-graph\">{\"@context\":\"https:\\\/\\\/schema.org\",\"@graph\":[{\"@type\":\"WebPage\",\"@id\":\"https:\\\/\\\/www.alumni.space\\\/pt-pt\\\/faq-alumni-mentorat\\\/como-e-que-os-grupos-de-reflexao-os-clubes-de-peritos-e-as-catedras-podem-preservar-os-seus-conhecimentos\\\/\",\"url\":\"https:\\\/\\\/www.alumni.space\\\/pt-pt\\\/faq-alumni-mentorat\\\/como-e-que-os-grupos-de-reflexao-os-clubes-de-peritos-e-as-catedras-podem-preservar-os-seus-conhecimentos\\\/\",\"name\":\"Como \u00e9 que os grupos de reflex\u00e3o, os clubes de peritos e as c\u00e1tedras podem preservar os seus conhecimentos? - Alumni.space\",\"isPartOf\":{\"@id\":\"https:\\\/\\\/www.alumni.space\\\/pt-pt\\\/#website\"},\"datePublished\":\"2025-05-16T09:59:40+00:00\",\"description\":\"Os grupos de reflex\u00e3o, os clubes de peritos e as c\u00e1tedras de investiga\u00e7\u00e3o produzem uma riqueza de conhecimentos intelectuais e estrat\u00e9gicos. Mas estes conhecimentos, muitas vezes divididos entre alguns membros-chave ou concentrados em eventos pontuais, correm o risco de se desgastar se n\u00e3o forem estruturados, transmitidos e capitalizados de forma proactiva.\",\"breadcrumb\":{\"@id\":\"https:\\\/\\\/www.alumni.space\\\/pt-pt\\\/faq-alumni-mentorat\\\/como-e-que-os-grupos-de-reflexao-os-clubes-de-peritos-e-as-catedras-podem-preservar-os-seus-conhecimentos\\\/#breadcrumb\"},\"inLanguage\":\"pt-PT\",\"potentialAction\":[{\"@type\":\"ReadAction\",\"target\":[\"https:\\\/\\\/www.alumni.space\\\/pt-pt\\\/faq-alumni-mentorat\\\/como-e-que-os-grupos-de-reflexao-os-clubes-de-peritos-e-as-catedras-podem-preservar-os-seus-conhecimentos\\\/\"]}]},{\"@type\":\"BreadcrumbList\",\"@id\":\"https:\\\/\\\/www.alumni.space\\\/pt-pt\\\/faq-alumni-mentorat\\\/como-e-que-os-grupos-de-reflexao-os-clubes-de-peritos-e-as-catedras-podem-preservar-os-seus-conhecimentos\\\/#breadcrumb\",\"itemListElement\":[{\"@type\":\"ListItem\",\"position\":1,\"name\":\"Home\",\"item\":\"https:\\\/\\\/www.alumni.space\\\/pt-pt\\\/plataforma-de-gestao-de-mentores-e-antigos-alunos\\\/\"},{\"@type\":\"ListItem\",\"position\":2,\"name\":\"FAQs\",\"item\":\"https:\\\/\\\/www.alumni.space\\\/pt-pt\\\/faq-alumni-mentorat\\\/\"},{\"@type\":\"ListItem\",\"position\":3,\"name\":\"Como \u00e9 que os grupos de reflex\u00e3o, os clubes de peritos e as c\u00e1tedras podem preservar os seus conhecimentos?\"}]},{\"@type\":\"WebSite\",\"@id\":\"https:\\\/\\\/www.alumni.space\\\/pt-pt\\\/#website\",\"url\":\"https:\\\/\\\/www.alumni.space\\\/pt-pt\\\/\",\"name\":\"Alumni.space\",\"description\":\"My WordPress Blog\",\"potentialAction\":[{\"@type\":\"SearchAction\",\"target\":{\"@type\":\"EntryPoint\",\"urlTemplate\":\"https:\\\/\\\/www.alumni.space\\\/pt-pt\\\/?s={search_term_string}\"},\"query-input\":{\"@type\":\"PropertyValueSpecification\",\"valueRequired\":true,\"valueName\":\"search_term_string\"}}],\"inLanguage\":\"pt-PT\"}]}<\/script>\n<!-- \/ Yoast SEO plugin. -->","yoast_head_json":{"title":"Como \u00e9 que os grupos de reflex\u00e3o, os clubes de peritos e as c\u00e1tedras podem preservar os seus conhecimentos? - Alumni.space","description":"Os grupos de reflex\u00e3o, os clubes de peritos e as c\u00e1tedras de investiga\u00e7\u00e3o produzem uma riqueza de conhecimentos intelectuais e estrat\u00e9gicos. Mas estes conhecimentos, muitas vezes divididos entre alguns membros-chave ou concentrados em eventos pontuais, correm o risco de se desgastar se n\u00e3o forem estruturados, transmitidos e capitalizados de forma proactiva.","robots":{"index":"index","follow":"follow","max-snippet":"max-snippet:-1","max-image-preview":"max-image-preview:large","max-video-preview":"max-video-preview:-1"},"canonical":"https:\/\/www.alumni.space\/pt-pt\/faq-alumni-mentorat\/como-e-que-os-grupos-de-reflexao-os-clubes-de-peritos-e-as-catedras-podem-preservar-os-seus-conhecimentos\/","og_locale":"pt_PT","og_type":"article","og_title":"Como \u00e9 que os grupos de reflex\u00e3o, os clubes de peritos e as c\u00e1tedras podem preservar os seus conhecimentos? - Alumni.space","og_description":"Os grupos de reflex\u00e3o, os clubes de peritos e as c\u00e1tedras de investiga\u00e7\u00e3o produzem uma riqueza de conhecimentos intelectuais e estrat\u00e9gicos. Mas estes conhecimentos, muitas vezes divididos entre alguns membros-chave ou concentrados em eventos pontuais, correm o risco de se desgastar se n\u00e3o forem estruturados, transmitidos e capitalizados de forma proactiva.","og_url":"https:\/\/www.alumni.space\/pt-pt\/faq-alumni-mentorat\/como-e-que-os-grupos-de-reflexao-os-clubes-de-peritos-e-as-catedras-podem-preservar-os-seus-conhecimentos\/","og_site_name":"Alumni.space","twitter_card":"summary_large_image","twitter_misc":{"Tempo estimado de leitura":"2 minutos"},"schema":{"@context":"https:\/\/schema.org","@graph":[{"@type":"WebPage","@id":"https:\/\/www.alumni.space\/pt-pt\/faq-alumni-mentorat\/como-e-que-os-grupos-de-reflexao-os-clubes-de-peritos-e-as-catedras-podem-preservar-os-seus-conhecimentos\/","url":"https:\/\/www.alumni.space\/pt-pt\/faq-alumni-mentorat\/como-e-que-os-grupos-de-reflexao-os-clubes-de-peritos-e-as-catedras-podem-preservar-os-seus-conhecimentos\/","name":"Como \u00e9 que os grupos de reflex\u00e3o, os clubes de peritos e as c\u00e1tedras podem preservar os seus conhecimentos? - Alumni.space","isPartOf":{"@id":"https:\/\/www.alumni.space\/pt-pt\/#website"},"datePublished":"2025-05-16T09:59:40+00:00","description":"Os grupos de reflex\u00e3o, os clubes de peritos e as c\u00e1tedras de investiga\u00e7\u00e3o produzem uma riqueza de conhecimentos intelectuais e estrat\u00e9gicos. Mas estes conhecimentos, muitas vezes divididos entre alguns membros-chave ou concentrados em eventos pontuais, correm o risco de se desgastar se n\u00e3o forem estruturados, transmitidos e capitalizados de forma proactiva.","breadcrumb":{"@id":"https:\/\/www.alumni.space\/pt-pt\/faq-alumni-mentorat\/como-e-que-os-grupos-de-reflexao-os-clubes-de-peritos-e-as-catedras-podem-preservar-os-seus-conhecimentos\/#breadcrumb"},"inLanguage":"pt-PT","potentialAction":[{"@type":"ReadAction","target":["https:\/\/www.alumni.space\/pt-pt\/faq-alumni-mentorat\/como-e-que-os-grupos-de-reflexao-os-clubes-de-peritos-e-as-catedras-podem-preservar-os-seus-conhecimentos\/"]}]},{"@type":"BreadcrumbList","@id":"https:\/\/www.alumni.space\/pt-pt\/faq-alumni-mentorat\/como-e-que-os-grupos-de-reflexao-os-clubes-de-peritos-e-as-catedras-podem-preservar-os-seus-conhecimentos\/#breadcrumb","itemListElement":[{"@type":"ListItem","position":1,"name":"Home","item":"https:\/\/www.alumni.space\/pt-pt\/plataforma-de-gestao-de-mentores-e-antigos-alunos\/"},{"@type":"ListItem","position":2,"name":"FAQs","item":"https:\/\/www.alumni.space\/pt-pt\/faq-alumni-mentorat\/"},{"@type":"ListItem","position":3,"name":"Como \u00e9 que os grupos de reflex\u00e3o, os clubes de peritos e as c\u00e1tedras podem preservar os seus conhecimentos?"}]},{"@type":"WebSite","@id":"https:\/\/www.alumni.space\/pt-pt\/#website","url":"https:\/\/www.alumni.space\/pt-pt\/","name":"Alumni.space","description":"My WordPress Blog","potentialAction":[{"@type":"SearchAction","target":{"@type":"EntryPoint","urlTemplate":"https:\/\/www.alumni.space\/pt-pt\/?s={search_term_string}"},"query-input":{"@type":"PropertyValueSpecification","valueRequired":true,"valueName":"search_term_string"}}],"inLanguage":"pt-PT"}]}},"_links":{"self":[{"href":"https:\/\/www.alumni.space\/pt-pt\/wp-json\/wp\/v2\/avada_faq\/4557","targetHints":{"allow":["GET"]}}],"collection":[{"href":"https:\/\/www.alumni.space\/pt-pt\/wp-json\/wp\/v2\/avada_faq"}],"about":[{"href":"https:\/\/www.alumni.space\/pt-pt\/wp-json\/wp\/v2\/types\/avada_faq"}],"author":[{"embeddable":true,"href":"https:\/\/www.alumni.space\/pt-pt\/wp-json\/wp\/v2\/users\/1"}],"replies":[{"embeddable":true,"href":"https:\/\/www.alumni.space\/pt-pt\/wp-json\/wp\/v2\/comments?post=4557"}],"version-history":[{"count":0,"href":"https:\/\/www.alumni.space\/pt-pt\/wp-json\/wp\/v2\/avada_faq\/4557\/revisions"}],"wp:attachment":[{"href":"https:\/\/www.alumni.space\/pt-pt\/wp-json\/wp\/v2\/media?parent=4557"}],"wp:term":[{"taxonomy":"faq_category","embeddable":true,"href":"https:\/\/www.alumni.space\/pt-pt\/wp-json\/wp\/v2\/faq_category?post=4557"}],"curies":[{"name":"wp","href":"https:\/\/api.w.org\/{rel}","templated":true}]}}

Como é que os grupos de reflexão, os clubes de peritos e as cátedras podem preservar os seus conhecimentos?

<p>Os grupos de reflexão, os clubes de peritos e as cátedras de investigação produzem uma riqueza de conhecimentos intelectuais e estratégicos. Mas estes conhecimentos, muitas vezes divididos entre alguns membros-chave ou concentrados em eventos pontuais, correm o risco de se desgastar se não forem estruturados, transmitidos e capitalizados de forma proactiva. </p>
<p>O primeiro passo é formalizar o conhecimento produzido: publicações, notas de análise, resumos de trabalhos colectivos, relatórios de debates ou conferências, etc. Esta documentação deve ser centralizada num espaço digital seguro, indexada por assunto e actualizada regularmente.</p>
<p>Em segundo lugar, é essencial promover a experiência individual: entrevistas filmadas, podcasts de especialistas, contribuições para obras colectivas. Estes formatos asseguram a perenidade do pensamento dos nossos membros, tornando-o acessível a um público mais vasto. </p>
<p>A tutoria desempenha aqui um papel importante. Permite que os peritos mais experientes transmitam os seus métodos de análise, as suas fontes e a sua abordagem intelectual a jovens investigadores ou profissionais. Podem ser formados pares para projectos, publicações ou grupos de trabalho.  </p>
<p>As estruturas também podem criar dias de transmissão, ciclos de formação interna ou eventos de &#8220;arquivo vivo&#8221; onde os membros partilham momentos de fundação, controvérsias e escolhas passadas.</p>
<p>A criação de uma rede de antigos colaboradores é também uma boa ideia: ajuda a manter os laços com os antigos membros e a difundir a reflexão do grupo noutras esferas (empresas, instituições, meios de comunicação, etc.).</p>
<p>Por último, a governação do conhecimento deve ser considerada a longo prazo: como podemos acompanhar o que produzimos? Quem é responsável pela sua memória? Como é que este conhecimento pode ser tornado acessível a futuros contribuidores?  </p>
<p>Preservar e partilhar conhecimentos significa dar vida à missão do Grupo muito para além das pessoas que estão presentes.</p>

<p>Os grupos de reflexão, os clubes de peritos e as cátedras de investigação produzem uma riqueza de conhecimentos intelectuais e estratégicos. Mas estes conhecimentos, muitas vezes divididos entre alguns membros-chave ou concentrados em eventos pontuais, correm o risco de se desgastar se não forem estruturados, transmitidos e capitalizados de forma proactiva. </p>

<!-- This site is optimized with the Yoast SEO plugin v27.4 - https://yoast.com/product/yoast-seo-wordpress/ -->
<title>Como é que os grupos de reflexão, os clubes de peritos e as cátedras podem preservar os seus conhecimentos? - Alumni.space</title>
<meta name="description" content="Os grupos de reflexão, os clubes de peritos e as cátedras de investigação produzem uma riqueza de conhecimentos intelectuais e estratégicos. Mas estes conhecimentos, muitas vezes divididos entre alguns membros-chave ou concentrados em eventos pontuais, correm o risco de se desgastar se não forem estruturados, transmitidos e capitalizados de forma proactiva." />
<meta name="robots" content="index, follow, max-snippet:-1, max-image-preview:large, max-video-preview:-1" />
<link rel="canonical" href="https://www.alumni.space/pt-pt/faq-alumni-mentorat/como-e-que-os-grupos-de-reflexao-os-clubes-de-peritos-e-as-catedras-podem-preservar-os-seus-conhecimentos/" />
<meta property="og:locale" content="pt_PT" />
<meta property="og:type" content="article" />
<meta property="og:title" content="Como é que os grupos de reflexão, os clubes de peritos e as cátedras podem preservar os seus conhecimentos? - Alumni.space" />
<meta property="og:description" content="Os grupos de reflexão, os clubes de peritos e as cátedras de investigação produzem uma riqueza de conhecimentos intelectuais e estratégicos. Mas estes conhecimentos, muitas vezes divididos entre alguns membros-chave ou concentrados em eventos pontuais, correm o risco de se desgastar se não forem estruturados, transmitidos e capitalizados de forma proactiva." />
<meta property="og:url" content="https://www.alumni.space/pt-pt/faq-alumni-mentorat/como-e-que-os-grupos-de-reflexao-os-clubes-de-peritos-e-as-catedras-podem-preservar-os-seus-conhecimentos/" />
<meta property="og:site_name" content="Alumni.space" />
<meta name="twitter:card" content="summary_large_image" />
<meta name="twitter:label1" content="Tempo estimado de leitura" />
	<meta name="twitter:data1" content="2 minutos" />
<script type="application/ld+json" class="yoast-schema-graph">{"@context":"https:\/\/schema.org","@graph":[{"@type":"WebPage","@id":"https:\/\/www.alumni.space\/pt-pt\/faq-alumni-mentorat\/como-e-que-os-grupos-de-reflexao-os-clubes-de-peritos-e-as-catedras-podem-preservar-os-seus-conhecimentos\/","url":"https:\/\/www.alumni.space\/pt-pt\/faq-alumni-mentorat\/como-e-que-os-grupos-de-reflexao-os-clubes-de-peritos-e-as-catedras-podem-preservar-os-seus-conhecimentos\/","name":"Como é que os grupos de reflexão, os clubes de peritos e as cátedras podem preservar os seus conhecimentos? - Alumni.space","isPartOf":{"@id":"https:\/\/www.alumni.space\/pt-pt\/#website"},"datePublished":"2025-05-16T09:59:40+00:00","description":"Os grupos de reflexão, os clubes de peritos e as cátedras de investigação produzem uma riqueza de conhecimentos intelectuais e estratégicos. Mas estes conhecimentos, muitas vezes divididos entre alguns membros-chave ou concentrados em eventos pontuais, correm o risco de se desgastar se não forem estruturados, transmitidos e capitalizados de forma proactiva.","breadcrumb":{"@id":"https:\/\/www.alumni.space\/pt-pt\/faq-alumni-mentorat\/como-e-que-os-grupos-de-reflexao-os-clubes-de-peritos-e-as-catedras-podem-preservar-os-seus-conhecimentos\/#breadcrumb"},"inLanguage":"pt-PT","potentialAction":[{"@type":"ReadAction","target":["https:\/\/www.alumni.space\/pt-pt\/faq-alumni-mentorat\/como-e-que-os-grupos-de-reflexao-os-clubes-de-peritos-e-as-catedras-podem-preservar-os-seus-conhecimentos\/"]}]},{"@type":"BreadcrumbList","@id":"https:\/\/www.alumni.space\/pt-pt\/faq-alumni-mentorat\/como-e-que-os-grupos-de-reflexao-os-clubes-de-peritos-e-as-catedras-podem-preservar-os-seus-conhecimentos\/#breadcrumb","itemListElement":[{"@type":"ListItem","position":1,"name":"Home","item":"https:\/\/www.alumni.space\/pt-pt\/plataforma-de-gestao-de-mentores-e-antigos-alunos\/"},{"@type":"ListItem","position":2,"name":"FAQs","item":"https:\/\/www.alumni.space\/pt-pt\/faq-alumni-mentorat\/"},{"@type":"ListItem","position":3,"name":"Como é que os grupos de reflexão, os clubes de peritos e as cátedras podem preservar os seus conhecimentos?"}]},{"@type":"WebSite","@id":"https:\/\/www.alumni.space\/pt-pt\/#website","url":"https:\/\/www.alumni.space\/pt-pt\/","name":"Alumni.space","description":"My WordPress Blog","potentialAction":[{"@type":"SearchAction","target":{"@type":"EntryPoint","urlTemplate":"https:\/\/www.alumni.space\/pt-pt\/?s={search_term_string}"},"query-input":{"@type":"PropertyValueSpecification","valueRequired":true,"valueName":"search_term_string"}}],"inLanguage":"pt-PT"}]}</script>
<!-- / Yoast SEO plugin. -->

Como é que os grupos de reflexão, os clubes de peritos e as cátedras podem preservar os seus conhecimentos? - Alumni.space

Os grupos de reflexão, os clubes de peritos e as cátedras de investigação produzem uma riqueza de conhecimentos intelectuais e estratégicos. Mas estes conhecimentos, muitas vezes divididos entre alguns membros-chave ou concentrados em eventos pontuais, correm o risco de se desgastar se não forem estruturados, transmitidos e capitalizados de forma proactiva.
